mon divisor of b and h.
2
Let w(l) = -16*l - 73. Let n be w(-9). Let y be 1 + (-198)/(-4)*4. Let f = y - n. What is the highest common divisor of f and 16?
16
Suppose 161*q - 164*q = -2478. Calculate the highest common factor of q and 42.
14
Let b(p) = 11*p - 38. Let t be b(8). Suppose 2*d = 3 - 13. Let y = d - -10. What is the highest common divisor of t and y?
5
Suppose 0 = -21*x + 3*x + 288. What is the highest common factor of 632 and x?
8
Let z be 12*(2 + -1)/2. Suppose 6 = 3*l - z*l. Let s be (l/4)/((-3)/18). What is the greatest common factor of s and 15?
3
Let g be ((-70)/3)/((-6)/9). Calculate the greatest common factor of g and 245.
35
Let f(l) = -l**2 + 15*l + 27. Let v be f(16). Suppose 4*g = -16 - 16. Let w = g + v. What is the highest common divisor of w and 12?
3
Suppose -5*q - n + 352 = -5*n, -4*q = -3*n - 282. Suppose -5*d + 174 = -3*z, -z - z - q = -2*d. What is the highest common divisor of d and 3?
3
Let p = -13 - -15. Let h be (3 - (p + 4)) + 5*1. What is the highest common factor of h and 10?
2
Let c(b) = b + 15. Let o be c(-11). Let u = o + 16. What is the highest common divisor of u and 80?
20
Let k = 87 - 85. Suppose -a = k*a - 264. Calculate the greatest common factor of a and 33.
11
Suppose 163 = x + 4*u, -2*x + 2*u + 346 = 6*u. Calculate the highest common factor of x and 122.
61
Let l = 336 - 332. Let i be 8 + (-2 - -3 - -1). Let g = i + 18. What is the highest common factor of l and g?
4
Let f(o) be the second derivative of o**5/20 + 2*o**4/3 + 4*o**3/3 + 10*o**2 + 22*o. Let j be f(-7). What is the greatest common divisor of j and 117?
13
Let u be (16 - 6) + 1 + 5 + -2. Calculate the greatest common divisor of 1694 and u.
14
Suppose 7*c = 11*c - 12. Suppose -5*j - k - 30 = 0, -3*j - c*k - 12 - 6 = 0. Let x be (-3 - (j + -1))*1. What is the greatest common factor of x and 32?
4
Suppose -132*o + 21 = -129*o. What is the greatest common factor of o and 91?
7
Let s(i) = 5*i**3 + i**2 - 3*i + 2. Let a be s(1). Let n be (-15)/(-6) + a/(-10). What is the greatest common factor of n and 8?
2
Let j be 0 - 3 - -2*34/4. Calculate the greatest common divisor of 224 and j.
14
Let y be 18*(-3)/(-6)*(9 + -8). What is the highest common divisor of y and 117?
9
Suppose -15 = -14*x + 9*x. Suppose -4*o = -n + 77, -x*n + 2*o = 3*o - 192. What is the highest common divisor of 5 and n?
5
Suppose -z - 3*z - 15 = -3*s, 3*s - 18 = 5*z. What is the greatest common factor of 2 and s?
1
Let w(d) = d + 5*d + 16 - 5*d + 0*d. Let s be w(-4). Calculate the greatest common factor of 12 and s.
12
Suppose -5*t + 118 = -3*o, -4*o - 6 = -t + o. Calculate the greatest common divisor of 442 and t.
26
Suppose 7*s = 4*s - 5*n + 5, s - 4*n - 30 = 0. Let a(v) = -v**3 - 5*v**2 - 3*v + 5. Let r be a(-5). What is the highest common divisor of s and r?
10
Let d = 52 + -21. Suppose 4*h - 5*h + d = 0. Let t = h + -3. Calculate the greatest common factor of t and 70.
14
Suppose 43*r - 13877 = 5473. What is the greatest common factor of 60 and r?
30
Let d = -406 - -601. What is the highest common divisor of 39 and d?
39
Let z be (-1 + 22/4)/(25/100). Suppose 2*c - 69 = 3*p + 2*p, 4*c - 5*p - 123 = 0. What is the highest common divisor of c and z?
9
Suppose 4*c + 3*x = 132, -3*c - 66 = -5*c + 2*x. What is the greatest common factor of c and 3?
3
Let i(v) = -v**2 - 20*v - 54. Let r be i(-8). What is the highest common factor of 56 and r?
14
Let g(p) = -p**3 + 11*p**2 - 9*p + 3. Suppose -2*b + u + 3*u + 36 = 0, 4*b + 5*u - 20 = 0. Let s be g(b). What is the greatest common factor of s and 52?
13
Let k be ((-2)/(-3))/1*3. Suppose -10 = -3*i - 2*b, -b = i - k*b. Let r = -56 - -60. Calculate the greatest common divisor of r and i.
2
Let w(g) = -g**3 + 13*g**2 - 29*g + 4. Let a be w(10). What is the greatest common divisor of 826 and a?
14
Let o(f) = -8*f + 78. Let h be o(0). Suppose -5*q + 2*u + 40 = 0, -u = 3*q - 0*q - 13. What is the greatest common factor of q and h?
6
Let a be (-2 - 1)*2/(12/6) + 17. Suppose -5*w = -5*r - 755, -2*r = -4*w + w + 456. Calculate the greatest common divisor of a and w.
14
Let p = 5 + -2. Let u(d) = 10*d - 3*d**3 + 2*d**p - 8*d + 6*d**2 + 5 - 4*d. Let o be u(4). What is the greatest common divisor of o and 58?
29
Let x(f) = f**2 + 9*f - 136. Let i be x(10). Calculate the highest common divisor of 12 and i.
6
Let q = 133 - 467. Let u = -125 - q. Calculate the highest common divisor of 19 and u.
19
Let a be (-884)/(-16) + 1 - 16/64. Calculate the greatest common factor of 104 and a.
8
Let z be (-20)/(-25) + 42*(-3)/(-30). Suppose 5*n - 40 = -z*b, 5*n - 12 = -3*b + 4. What is the greatest common divisor of b and 132?
12
Let w(b) = -2*b + 7 + 8*b + b**3 - 19 + b + 7*b**2. Let s be w(-10). Let z = s - -582. What is the highest common factor of 25 and z?
25
Let s(a) = 2*a**2 + 11*a - 8. Let v be s(-13). Let i = 86 + -69. Calculate the highest common factor of i and v.
17
Let k(v) = -64*v + 6. Let j be k(-3). Suppose 4*l - 234 = -162. Calculate the highest common divisor of l and j.
18
Let q(s) = 14*s + 5. Let p be q(1). What is the highest common factor of p and 361?
19
Let h be (1/(-3))/(1/(-93)). Suppose 4 = 2*p - 3*i - h, -83 = -5*p + 3*i. Suppose 0 = 5*g + 280 - 320. Calculate the highest common factor of g and p.
8
Suppose -56*k + 2376 = -20*k. What is the greatest common divisor of k and 77?
11
Let t(o) = o**3 + o - 31. Let i be t(0). Let l = i - -36. What is the greatest common factor of l and 5?
5
Suppose 5*b + 7*g + 65 = 3*g, 4*b = 5*g - 52. Let a = b + 22. Let q be 80 + (-1 - 2) + 4. What is the greatest common factor of a and q?
9
Suppose 0*r + 2*q = r - 3, 4*r - q - 40 = 0. Let n be (-8490)/(-110) + ((-2)/r)/1. What is the highest common factor of n and 33?
11
Let y be (-6 + 4)/(2/(-8)). Calculate the greatest common factor of 2 and y.
2
Let o(k) = 3*k**2 + 20*k - 88. Let n be o(12). What is the greatest common factor of n and 73?
73
Let p(c) = 53*c - 7. Suppose 2*z = 3*h - 0*z + 4, 4*z - 22 = -h. Let j be p(h). What is the highest common factor of j and 11?
11
Suppose -2*s - 9*v = -7*v - 192, -v = 3*s - 292. What is the greatest common divisor of s and 56?
14
Let i = -9 + 8. Let k be ((0 - 18)/1)/i. Let w be (5 + -3 - 1)*k. Calculate the greatest common divisor of 18 and w.
18
Let r(i) = 4*i - 79. Let t be r(22). What is the greatest common factor of t and 45?
9
Suppose 26 = 2*f - 26. Let z(m) = -m**2 - 5*m + 14. Let p be z(-7). Suppose -4*q = l - 53, 2*l = 2*q - p*l - 24. Calculate the highest common factor of q and f.
13
Let k(h) = 5*h**2 - 16*h + 9. Let c be k(4). What is the greatest common factor of c and 15?
5
Let l = -4 - -4. Suppose t - 125 + l = 0. Suppose 205 = c + c + 5*g, 2*g + t = c. Calculate the greatest common factor of 46 and c.
23
Suppose -4*j - 1 = 11. Let x be 31/2 + j/6. Calculate the greatest common divisor of 180 and x.
15
Suppose -5*i = -20, 2*v - 108 = -v + 3*i. Let t = 2285 + -2275. Calculate the greatest common factor of v and t.
10
Let n = -100 + 97. Let a be ((-7)/n)/(2 - 119/63). What is the highest common divisor of a and 7?
7
Suppose 35*i - 1620 = 8*i. What is the highest common factor of 24 and i?
12
Suppose -10*q + 9*q = 5*w - 2535, 3*w - q = 1513. Calculate the highest common factor of w and 132.
22
Let f(r) = 3*r + 5. Let d be f(0). Calculate the highest common factor of 40 and d.
5
Suppose -36 = -2*i - 20*k + 16*k, 33 = i - 3*k. Calculate the greatest common divisor of i and 32.
8
Let y(a) = -a**3 + 11*a**2 + 8*a - 9. Let v be y(8). What is the greatest common factor of v and 26?
13
Suppose 33*c + 308 = 44*c. Let x = -21 - -48. Suppose 4*p - x = 4*t + 257, 2*t = -2*p + 138. What is the highest common divisor of c and p?
14
Let n = 78 + -63. Let b(r) = -6*r - 4. Let f(q) = -q - 1. Let k(s) = b(s) - 5*f(s). Let w be k(-9). What is the greatest common divisor of w and n?
5
Let a be (-2 + 1)*1*-5. Let i(v) = 17*v - 20. Let n(z) = -6*z + 7. Let y(p) = 3*i(p) + 8*n(p). Let u be y(a). What is the greatest common factor of 33 and u?
11
Let x be 2318/190 - -1*1/(-5). What is the greatest common divisor of 186 and x?
6
Suppose -6*t - 221 - 25 = 0. Let k = 3 - t. Calculate the greatest common factor of 220 and k.
44
Let x be (6/6)/(2/22). Calculate the highest common factor of 176 and x.
11
Let p = -